the prime factors of y?
3, 17
Suppose -17*r + 418 = -840. Let f = 740 + r. What are the prime factors of f?
2, 11, 37
Suppose 0 = 58*j - 53*j - 3*z - 317808, -254246 = -4*j + 2*z. List the prime factors of j.
3, 21187
Let x = 452 - 414. Suppose -x*g + 10055 = -5829. What are the prime factors of g?
2, 11, 19
Let d = 5601 - -3661. List the prime factors of d.
2, 11, 421
Let l be (-380)/(-2) + 8*2/(-4). Suppose 29*n = 32*n + l. List the prime factors of n*((-45)/10 + 2).
5, 31
Suppose 4*a + 709 = -4*d - 659, 3*d = -12. Let u = 5236 + -5722. Let r = a - u. List the prime factors of r.
2, 37
Suppose -w = -4*y - 1944, 5*w - 9628 = -26*y + 23*y. What are the prime factors of w?
2, 241
Suppose 3*h - 4*c + 1494 = 0, c + c = -4*h - 1970. Let n(w) = -55*w - 3. Let t be n(5). Let i = t - h. List the prime factors of i.
2, 3
What are the prime factors of 355026/316*((-1684)/(-28) - -1)?
2, 3, 107
Let r(m) = 7 - 56 - 4*m - 3*m + 2*m. Let p be r(-11). List the prime factors of (-63)/p*(1 - -2 - 13).
3, 5, 7
List the prime factors of 25/3*-6*1837/(-22).
5, 167
Let x be 4/(-28) + (-2)/(-14). Suppose 4*c + 2*j + 94 - 602 = x, -392 = -3*c + 4*j. What are the prime factors of c?
2
Suppose 4*z - 9 = 3*w, 4*z - 2*w - 3 - 3 = 0. Suppose -5*k + 1677 = -2*p, 5*k + p = -z*p + 1689. What are the prime factors of k?
337
Suppose -3*b - 3049 - 1865 = 0. List the prime factors of 70/(-3)*b/195.
2, 7
Let h(p) = p**2 - 6*p - 5. Let n be h(7). Let k(f) = -5*f - 5*f - 16 + n*f. What are the prime factors of k(-8)?
2, 3
Let c(n) = -4*n - 22. Let v(d) = 2*d + 2. Let g(l) = -2*c(l) - 12*v(l). What are the prime factors of g(-41)?
2, 13
Suppose 2*i = -0 - 14, 0 = -5*m - 3*i + 4929. List the prime factors of m.
2, 3, 5, 11
Let h(o) = 1 - 2 + 10 - 66*o - 1. Let x be 7/(-4) - (99/36)/11. List the prime factors of h(x).
2, 5, 7
List the prime factors of (3 + -4491)*((-207)/(-36) - 8).
2, 3, 11, 17
Let x(b) = 142*b**3 - 59*b**2 + 6*b - 1. List the prime factors of x(4).
8167
Let f be (18/(-8))/(-1*(-8)/(-4352)). Suppose 2*o = 2*a + 1002, 4*o = -5*a + 825 + f. What are the prime factors of o?
2, 11, 23
Suppose -2*k + 4*x + 284 = 0, 5*k - 478 - 187 = -5*x. Let y = 374 - k. List the prime factors of y.
2, 7, 17
Let i = 2794 + 15430. List the prime factors of i.
2, 17, 67
Suppose s + 15469 = -47*j + 49*j, 0 = 5*s + 15. What are the prime factors of j?
11, 19, 37
Let k(a) = 300*a + 3694. List the prime factors of k(51).
2, 9497
Suppose -2*f = 5*y - 15, 3*f - f = -2*y + 12. Let l(r) = 558*r**2 - 17*r + 18. What are the prime factors of l(y)?
13, 43
What are the prime factors of 4706 - (33/3 - -1)?
2, 2347
Suppose 77*c - 372325 = 158975. What are the prime factors of c?
2, 3, 5, 23
Let i(t) = -t. Let y be i(5). Let a(w) = -w**3 - 5*w**2 - 10*w - 8. Let z be a(y). Suppose -47*m = -z*m - 575. List the prime factors of m.
5, 23
Suppose j + 74965 = 3*p + 3*p, -24992 = -2*p + 4*j. List the prime factors of p.
2, 6247
Let z be ((-1)/2*1)/((-1)/104). Let n = -16 - z. Let v = 109 + n. What are the prime factors of v?
41
Let f(v) = 1506*v**2 + 72*v - 155. List the prime factors of f(4).
24229
Suppose -143*o - 257530 = -157*o. What are the prime factors of o?
5, 13, 283
Let y be 695 - ((-22)/14 - 33/77). Let r = y + -296. List the prime factors of r.
401
Let u(p) = 13*p + 13. Let i be u(6). Let n = i + 226. List the prime factors of n.
317
Let w be 40/(-16) + (-30)/(-4). Suppose -742 = -w*q - c + 907, 2*q + 5*c = 655. What are the prime factors of q?
2, 3, 5, 11
Suppose -509675 = -29*p - 499712 + 1716523. What are the prime factors of p?
2, 17, 103
Let j be (-4)/(4/4) - (-96)/(-3). Let g = -65 - j. What are the prime factors of 101 - (-4 - g)/5?
2, 3
Let w = -160 + 263. Let g = 37 + w. What are the prime factors of g?
2, 5, 7
Suppose 0 = -5*k + 4*g - 441, 2*g = -k - 2*g - 69. Let w = -83 - k. Suppose -w*v + 3*b + 321 = -117, -896 = -4*v - 4*b. List the prime factors of v.
2, 3, 37
Let v = -4288 - -6517. Suppose -4*h = 5*t - 4113 - v, 1269 = t + h. What are the prime factors of t?
2, 3, 211
Suppose -5*i - t - 85 = 0, -i = -3*i - 3*t - 21. Let w be -3 - 230/i - 2/(-9). Let d(s) = s**3 - 9*s**2 - 8*s + 8. List the prime factors of d(w).
2, 7
Let b be ((-2)/6)/(8/(-1176)). Let f = -367 + 407. Let n = b - f. List the prime factors of n.
3
Let w(o) be the second derivative of 11*o**3/3 - 107*o**2/2 - 21*o + 1. List the prime factors of w(11).
3, 5
List the prime factors of ((12/50)/(30/1350))/((-2)/(-3950)).
2, 3, 5, 79
Let y(c) = 20*c - 92. Let m be y(13). Suppose 0 = -10*k + 802 + m. What are the prime factors of k?
97
Let c = -3392 + 33858. List the prime factors of c.
2, 15233
Suppose -12*y + 142293 = -26211. What are the prime factors of y?
2, 7, 17, 59
Let p = 191 - -206. Let k = p - 107. Suppose -52*o - k = -53*o. List the prime factors of o.
2, 5, 29
Suppose -27060 = -9*u + 31*u. Let m = -417 - u. List the prime factors of m.
3, 271
Let b(n) = 2*n. Let c(k) = -4*k**2 + 28*k - 131. Let i(a) = -2*b(a) - c(a). What are the prime factors of i(19)?
967
What are the prime factors of (1 - (-6544 + 2)) + -5?
2, 7, 467
Suppose -5*a - 3*h = 28, -5*a - 20 = h + 4*h. List the prime factors of (-18)/a + -2 - 40852/(-112).
5, 73
Let k = 253 - 268. Let v(z) = 5*z**2 - 7*z - 304. List the prime factors of v(k).
2, 463
Let j(a) = -1329*a**2 - 8*a - 13. Let s be j(-3). List the prime factors of (2/5)/((-10)/s).
2, 239
Let h(f) be the first derivative of -2*f**2 - 5 + 8*f + 1/3*f**3. What are the prime factors of h(4)?
2
Let i(f) = -692*f**3 + 3*f**2 + 7*f - 10. List the prime factors of i(-3).
2, 5, 467
Let k be (-8 + (9 - -62))/((-3)/(-2)). Let g(c) = c**3 - 41*c**2 - 31*c - 132. What are the prime factors of g(k)?
2, 3, 5, 11
Let c(x) = 67*x**3 - 5*x**2 + 2*x. Let n be c(1). Let j = 638 - n. What are the prime factors of j?
2, 7, 41
Suppose -36*a - 112 = -40*a. What are the prime factors of 35/a*4 - (2 - 2)?
5
Suppose -18*b + 131890 = 36724. What are the prime factors of b?
17, 311
Suppose -10*k - 30 = 0, -3*f - 45*k = -40*k - 174615. List the prime factors of f.
2, 5, 5821
Suppose 4*i + 3*w + 52 = 0, 0*i - w - 12 = i. What are the prime factors of (920/i)/((-6)/36)?
3, 5, 23
Let d be (1098/(-7))/((-6)/84*2). Suppose 0 = -34*i + 7830 - d. List the prime factors of i.
2, 3, 11
Suppose 4*b + 4*m = 164212, 15*m - 17*m = -12. What are the prime factors of b?
41047
Suppose 0 = -z - 4, 5*t + z - 58 = 3*z. List the prime factors of 2306/t + 1*30/(-50).
2, 5, 23
Suppose 0 = 16*i - 69*i + 83793. List the prime factors of i.
3, 17, 31
Let k = 57231 + -34149. List the prime factors of k.
2, 3, 3847
Suppose 3*w + 27080 = 2*m + w, w = 0. Suppose 32*p - 12*p - m = 0. List the prime factors of p.
677
List the prime factors of -3 + (-100366)/(-21) + 12/18.
17, 281
Suppose -r + 3*n + 484 = 0, 173 + 1249 = 3*r + n. Suppose -5*x + r = -f + 5*f, 0 = -3*x - 4*f + 277. List the prime factors of x.
3, 11
Let w = 92277 - 34476. List the prime factors of w.
3, 19267
Suppose 2*g - 108144 = -3*y, -72*y + 4*g = -69*y - 108162. What are the prime factors of y?
2, 5, 7, 103
Let n(q) = -7*q + 30*q + 6*q**2 - 4*q**2 - 9*q + 7. Suppose -2*v = -6*v + 32. List the prime factors of n(v).
13, 19
Suppose -23380 = -4*j + i, 2*j = 5*i - 1647 + 13355. List the prime factors of j.
2, 3, 487
Let h(n) = 48*n**2 + 14*n - 208. What are the prime factors of h(13)?
2, 13, 311
Let t(a) = 3*a**2 - 67*a + 672. What are the prime factors of t(75)?
2, 3, 2087
Let f(g) = -3*g**2 + 3*g + 1. Let u be f(3). Let o(z) = 477*z - 500*z - z**2 - 19 + 4. What are the prime factors of o(u)?
3, 29
List the prime factors of (805/21)/((-6)/(-1566)).
3, 5, 23, 29
Suppose -10*t - 2*r + 78052 = 0, 2*t = -r - 4*r + 15592. What are the prime factors of t?
2, 3, 1301
Let a = -30 + 50. Let w be (-15)/6*(-5)/((-100)/64). Let m = a + w. What are the prime factors of m?
2, 3
Let l(x) = -x**3 - 14*x**2 - 28*x + 15. Let u be l(-12). Let y be (42/u)/(1/21). What are the prime factors of 18*(18/(-63))/((-6)/y)?
2, 3
Let l be 130556/34 + (-12)/(-102). Suppose -83*m + l = -73*m. What are the prime factors of m?
2, 3
Let s = -13684 - -38023. What are the prime factors of s?
3, 7, 19, 61
Let s(v) = v**2 - 20*v - 143. Let y be s(-17). Let r = y + -399. What are the prime factors of r?
3, 29
Let 